{"id":6039,"date":"2018-04-17T10:24:34","date_gmt":"2018-04-17T10:24:34","guid":{"rendered":"http:\/\/www.thecloseconcept.com\/\/?page_id=6039"},"modified":"2018-04-19T08:14:48","modified_gmt":"2018-04-19T08:14:48","slug":"qui-som","status":"publish","type":"page","link":"https:\/\/www.thecloseconcept.com\/ca\/qui-som\/","title":{"rendered":"Qui som"},"content":{"rendered":"<p>[vc_row section_content=&#8221;inside_container&#8221; no_padding=&#8221;true&#8221; bg_type=&#8221;&#8221; dima_canvas_style=&#8221;&#8221; translate_x=&#8221;0&#8243; dima_z_index=&#8221;0&#8243; animate_item=&#8221;&#8221; delay_duration=&#8221;&#8221; delay_offset=&#8221;&#8221; id=&#8221;&#8221; class=&#8221;&#8221; border_color=&#8221;&#8221;][vc_column bg_type=&#8221;&#8221; dima_canvas_style=&#8221;&#8221; min_height=&#8221;&#8221; translate_x=&#8221;0&#8243; dima_z_index=&#8221;0&#8243; delay=&#8221;&#8221; delay_duration=&#8221;&#8221; delay_offset=&#8221;&#8221; width=&#8221;1\/1&#8243;]\n\t<div class=\"wpb_content_element quienes_txt_1\" >\n\t\t<div class=\"wpb_wrapper\">\n\t\t\t<p><strong><span class=\"txt_blau\">close communication<\/span><\/strong>\u00a0<strong>\u00e9s una consultora de comunicaci\u00f3 integral independent. Al llarg de m\u00e9s de 25 anys, <\/strong>hem desenvolupat un estil de treball que es basa a aconseguir resultats a trav\u00e9s de la personalitzaci\u00f3 i de l&#8217;emoci\u00f3.<\/p>\n\n\t\t<\/div> \n\t<\/div> [\/vc_column][\/vc_row][vc_row section_content=&#8221;inside_container&#8221; no_padding=&#8221;true&#8221; bg_type=&#8221;&#8221; dima_canvas_style=&#8221;&#8221; translate_x=&#8221;0&#8243; dima_z_index=&#8221;0&#8243; animate_item=&#8221;&#8221; delay_duration=&#8221;&#8221; delay_offset=&#8221;&#8221; id=&#8221;&#8221; class=&#8221;quienes_icon_row&#8221; border_color=&#8221;&#8221; css=&#8221;.vc_custom_1519304328935{margin-bottom: 70px !important;}&#8221;][vc_column bg_type=&#8221;&#8221; dima_canvas_style=&#8221;&#8221; min_height=&#8221;&#8221; translate_x=&#8221;0&#8243; dima_z_index=&#8221;0&#8243; delay=&#8221;&#8221; delay_duration=&#8221;&#8221; delay_offset=&#8221;&#8221; width=&#8221;1\/3&#8243;]<div  class=\"dima-iconbox no-box text-center\" data-animate=transition.slideUpIn style=\"\"><header  class=\"icon-box-header  box-none\"  ><div class=\"image-cropper thumb  medium   \" ><img loading=\"lazy\" decoding=\"async\" class=\"background-image\" src=\"https:\/\/www.thecloseconcept.com\/wp-content\/uploads\/2018\/02\/home_icon_1-2.png\" width=\"64\" height=\"53\" alt=\"\"><\/div><\/header><div  class=\"features-content\"  ><h5 class=\"features-title\" ><\/h5><span class=\"dima-divider line-center line-hr small-line\"><\/span>\n<p style=\"text-align: center;\"><strong>Emoci\u00f3 efica\u00e7<\/strong> per impulsar una<br \/>\ncomunicaci\u00f3 que destaqui<br \/>\ni transmeti el missatge adequat.<\/p>\n<\/div><\/div>[\/vc_column][vc_column bg_type=&#8221;&#8221; dima_canvas_style=&#8221;&#8221; min_height=&#8221;&#8221; translate_x=&#8221;0&#8243; dima_z_index=&#8221;0&#8243; delay=&#8221;&#8221; delay_duration=&#8221;&#8221; delay_offset=&#8221;&#8221; width=&#8221;1\/3&#8243;]<div  class=\"dima-iconbox quienes_icon_center no-box text-center\" data-animate=transition.slideUpIn data-delay=1500 style=\"\"><header  class=\"icon-box-header  box-none\"  ><div class=\"image-cropper thumb  medium   \" ><img loading=\"lazy\" decoding=\"async\" class=\"background-image\" src=\"https:\/\/www.thecloseconcept.com\/wp-content\/uploads\/2018\/02\/icon_quienes_chat.png\" width=\"64\" height=\"53\" alt=\"\"><\/div><\/header><div  class=\"features-content\"  ><h5 class=\"features-title\" ><\/h5><span class=\"dima-divider line-center line-hr small-line\"><\/span>\n<p style=\"text-align: center;\"><strong>La nostra mat\u00e8ria primera \u00e9s la informaci\u00f3 <\/strong>per\u00f2 tamb\u00e9 els valors de cada empresa o marca.<\/p>\n<\/div><\/div>[\/vc_column][vc_column bg_type=&#8221;&#8221; dima_canvas_style=&#8221;&#8221; min_height=&#8221;&#8221; translate_x=&#8221;0&#8243; dima_z_index=&#8221;0&#8243; delay=&#8221;&#8221; delay_duration=&#8221;&#8221; delay_offset=&#8221;&#8221; width=&#8221;1\/3&#8243;]<div  class=\"dima-iconbox no-box text-center\" data-animate=transition.slideUpIn data-delay=2000 style=\"\"><header  class=\"icon-box-header  box-none\"  ><div class=\"image-cropper thumb  medium   \" ><img loading=\"lazy\" decoding=\"async\" class=\"background-image\" src=\"https:\/\/www.thecloseconcept.com\/wp-content\/uploads\/2018\/04\/icone-quienes-somos_4.jpg\" width=\"64\" height=\"53\" alt=\"\"><\/div><\/header><div  class=\"features-content\"  ><h5 class=\"features-title\" ><\/h5><span class=\"dima-divider line-center line-hr small-line\"><\/span>\n<p style=\"text-align: center;\">Els nostres clients saben molt b\u00e9<br \/>\n<strong>qu\u00e8 podem fer<\/strong> per ells, per\u00f2<br \/>\nsobretot la import\u00e0ncia que li<br \/>\ndonem<strong> a com ho fem.<\/strong><\/p>\n<\/div><\/div>[\/vc_column][\/vc_row][vc_row section_content=&#8221;inside_container&#8221; bg_type=&#8221;&#8221; dima_canvas_style=&#8221;&#8221; top_shape_color=&#8221;#ffffff&#8221; bottom_shape_color=&#8221;#ffffff&#8221; bottom_shape_bg_color=&#8221;#5aa5d6&#8243; translate_x=&#8221;0&#8243; dima_z_index=&#8221;0&#8243; animate_item=&#8221;&#8221; delay_duration=&#8221;&#8221; delay_offset=&#8221;&#8221; id=&#8221;&#8221; class=&#8221;row_blau&#8221; border_color=&#8221;&#8221;][vc_column bg_type=&#8221;&#8221; dima_canvas_style=&#8221;&#8221; min_height=&#8221;&#8221; translate_x=&#8221;0&#8243; dima_z_index=&#8221;0&#8243; delay=&#8221;&#8221; delay_duration=&#8221;&#8221; delay_offset=&#8221;&#8221; width=&#8221;1\/1&#8243; id=&#8221;&#8221; class=&#8221;quienes_foto&#8221; style=&#8221;&#8221; border_color=&#8221;&#8221;]<div id=\"foto_laura\" class=\"dima-img column-item overflow-hidden\"       ><img loading=\"lazy\" decoding=\"async\" class=\"dima_image-img dima-image \" src=\"https:\/\/www.thecloseconcept.com\/wp-content\/uploads\/2017\/08\/Foto-Laura-380x275.jpg\" width=\"380\" height=\"275\" alt=\"alt=&quot;&quot;\" title=\"Foto Laura\" \/><\/div>\n\t<div class=\"wpb_content_element txt_texto_laura\" >\n\t\t<div class=\"wpb_wrapper\">\n\t\t\t<p><span class=\"playfont\">LAURA PUJOL<\/span><\/p>\n<p><strong>close communication<\/strong>\u00a0est\u00e0 integrada per un equip flexible i multidisciplinari que lidera Laura Pujol experta en idiomes, comunicaci\u00f3 i m\u00e0rqueting.<\/p>\n<p>El seu ampli curr\u00edculum, les desenes de projectes, el contacte constant amb els mitjans, els professionals de la informaci\u00f3 i els creatius s\u00f3n els ingredients principals del seu know-how aplicat al disseny global d&#8217;estrat\u00e8gies de comunicaci\u00f3. Coneixedora del m\u00f3n de la publicitat, les relacions p\u00fabliques, tamb\u00e9 \u00e9s especialista en viatges corporatius i organitzaci\u00f3 esdeveniments internacional<\/p>\n<p>Creu en el tracte de <strong>proximitat,<\/strong> en la <strong>transpar\u00e8ncia <\/strong> donar-li a les coses un <strong>toc personal<\/strong>.<\/p>\n<div class=\"social-media fill-icon dima_add_hover social-medium circle-social float-start\">\n<ul>\n<li><a href=\"http:\/\/www.linkedin.com\/in\/laurapujolterradellas\"><br \/>\n<i class=\"fa fa-linkedin\"><\/i><\/a><\/li>\n<li><a href=\"https:\/\/www.thecloseconcept.com\/\/laura-friends\/\"><br \/>\n<i class=\"fa fa-rss\"><\/i><\/a><\/li>\n<\/ul>\n<\/div>\n\n\t\t<\/div> \n\t<\/div> [\/vc_column][\/vc_row][vc_row disable_element=&#8221;yes&#8221; bg_type=&#8221;&#8221; dima_canvas_style=&#8221;&#8221; translate_x=&#8221;0&#8243; dima_z_index=&#8221;0&#8243; animate_item=&#8221;&#8221; delay_duration=&#8221;&#8221; delay_offset=&#8221;&#8221; id=&#8221;&#8221; class=&#8221;&#8221; border_color=&#8221;&#8221;][vc_column bg_type=&#8221;&#8221; dima_canvas_style=&#8221;&#8221; min_height=&#8221;&#8221; translate_x=&#8221;0&#8243; dima_z_index=&#8221;0&#8243; delay=&#8221;&#8221; delay_duration=&#8221;&#8221; delay_offset=&#8221;&#8221; width=&#8221;1\/1&#8243;]\n\t<div class=\"wpb_content_element \" >\n\t\t<div class=\"wpb_wrapper\">\n\t\t\t<p>Su amplio curr\u00edculum, las decenas de proyectos, el contacto constante con los medios, los profesionales de la informaci\u00f3n y los creativos son los ingredientes principales de su know-how aplicado al dise\u00f1o global de estrategias de comunicaci\u00f3n. Conocedora del mundo de la publicidad, las relaciones p\u00fablicas, tambi\u00e9n es especialista en viajes corporativos y organizaci\u00f3n eventos internacionales.<\/p>\n<p>Cree en el trato de <strong>cercan\u00eda<\/strong>, en la <strong>transparencia <\/strong>y en darle a las cosas un <strong>toque personal<\/strong>.<\/p>\n\n\t\t<\/div> \n\t<\/div> [\/vc_column][\/vc_row]<\/p>\n","protected":false},"excerpt":{"rendered":"<p>[vc_row section_content=&#8221;inside_container&#8221; no_padding=&#8221;true&#8221; bg_type=&#8221;&#8221; dima_canvas_style=&#8221;&#8221; translate_x=&#8221;0&#8243; dima_z_index=&#8221;0&#8243; animate_item=&#8221;&#8221; delay_duration=&#8221;&#8221; delay_offset=&#8221;&#8221; id=&#8221;&#8221; class=&#8221;&#8221; border_color=&#8221;&#8221;][vc_column bg_type=&#8221;&#8221; dima_canvas_style=&#8221;&#8221; min_height=&#8221;&#8221; translate_x=&#8221;0&#8243; dima_z_index=&#8221;0&#8243; delay=&#8221;&#8221; delay_duration=&#8221;&#8221; delay_offset=&#8221;&#8221; width=&#8221;1\/1&#8243;][\/vc_column][\/vc_row][vc_row section_content=&#8221;inside_container&#8221; no_padding=&#8221;true&#8221; bg_type=&#8221;&#8221; dima_canvas_style=&#8221;&#8221; translate_x=&#8221;0&#8243; dima_z_index=&#8221;0&#8243; animate_item=&#8221;&#8221; delay_duration=&#8221;&#8221; delay_offset=&#8221;&#8221; id=&#8221;&#8221; class=&#8221;quienes_icon_row&#8221; border_color=&#8221;&#8221; css=&#8221;.vc_custom_1519304328935{margin-bottom: 70px !important;}&#8221;][vc_column bg_type=&#8221;&#8221; dima_canvas_style=&#8221;&#8221; min_height=&#8221;&#8221; translate_x=&#8221;0&#8243; dima_z_index=&#8221;0&#8243; delay=&#8221;&#8221; delay_duration=&#8221;&#8221; delay_offset=&#8221;&#8221; width=&#8221;1\/3&#8243;][\/vc_column][vc_column bg_type=&#8221;&#8221; dima_canvas_style=&#8221;&#8221; min_height=&#8221;&#8221; translate_x=&#8221;0&#8243; dima_z_index=&#8221;0&#8243; delay=&#8221;&#8221; delay_duration=&#8221;&#8221; delay_offset=&#8221;&#8221; width=&#8221;1\/3&#8243;][\/vc_column][vc_column [&hellip;]<\/p>\n","protected":false},"author":1,"featured_media":0,"parent":0,"menu_order":0,"comment_status":"closed","ping_status":"closed","template":"template-no-sidebar.php","meta":{"footnotes":""},"class_list":["post-6039","page","type-page","status-publish","hentry"],"amp_enabled":false,"_links":{"self":[{"href":"https:\/\/www.thecloseconcept.com\/ca\/wp-json\/wp\/v2\/pages\/6039","targetHints":{"allow":["GET"]}}],"collection":[{"href":"https:\/\/www.thecloseconcept.com\/ca\/wp-json\/wp\/v2\/pages"}],"about":[{"href":"https:\/\/www.thecloseconcept.com\/ca\/wp-json\/wp\/v2\/types\/page"}],"author":[{"embeddable":true,"href":"https:\/\/www.thecloseconcept.com\/ca\/wp-json\/wp\/v2\/users\/1"}],"replies":[{"embeddable":true,"href":"https:\/\/www.thecloseconcept.com\/ca\/wp-json\/wp\/v2\/comments?post=6039"}],"version-history":[{"count":9,"href":"https:\/\/www.thecloseconcept.com\/ca\/wp-json\/wp\/v2\/pages\/6039\/revisions"}],"predecessor-version":[{"id":6149,"href":"https:\/\/www.thecloseconcept.com\/ca\/wp-json\/wp\/v2\/pages\/6039\/revisions\/6149"}],"wp:attachment":[{"href":"https:\/\/www.thecloseconcept.com\/ca\/wp-json\/wp\/v2\/media?parent=6039"}],"curies":[{"name":"wp","href":"https:\/\/api.w.org\/{rel}","templated":true}]}}

<p>[vc_row section_content=&#8221;inside_container&#8221; no_padding=&#8221;true&#8221; bg_type=&#8221;&#8221; dima_canvas_style=&#8221;&#8221; translate_x=&#8221;0&#8243; dima_z_index=&#8221;0&#8243; animate_item=&#8221;&#8221; delay_duration=&#8221;&#8221; delay_offset=&#8221;&#8221; id=&#8221;&#8221; class=&#8221;&#8221; border_color=&#8221;&#8221;][vc_column bg_type=&#8221;&#8221; dima_canvas_style=&#8221;&#8221; min_height=&#8221;&#8221; translate_x=&#8221;0&#8243; dima_z_index=&#8221;0&#8243; delay=&#8221;&#8221; delay_duration=&#8221;&#8221; delay_offset=&#8221;&#8221; width=&#8221;1/1&#8243;]
	<div class="wpb_content_element quienes_txt_1" >
		<div class="wpb_wrapper">
			<p><strong><span class="txt_blau">close communication</span></strong> <strong>és una consultora de comunicació integral independent. Al llarg de més de 25 anys, </strong>hem desenvolupat un estil de treball que es basa a aconseguir resultats a través de la personalització i de l&#8217;emoció.</p>

		</div> 
	</div> [/vc_column][/vc_row][vc_row section_content=&#8221;inside_container&#8221; no_padding=&#8221;true&#8221; bg_type=&#8221;&#8221; dima_canvas_style=&#8221;&#8221; translate_x=&#8221;0&#8243; dima_z_index=&#8221;0&#8243; animate_item=&#8221;&#8221; delay_duration=&#8221;&#8221; delay_offset=&#8221;&#8221; id=&#8221;&#8221; class=&#8221;quienes_icon_row&#8221; border_color=&#8221;&#8221; css=&#8221;.vc_custom_1519304328935{margin-bottom: 70px !important;}&#8221;][vc_column bg_type=&#8221;&#8221; dima_canvas_style=&#8221;&#8221; min_height=&#8221;&#8221; translate_x=&#8221;0&#8243; dima_z_index=&#8221;0&#8243; delay=&#8221;&#8221; delay_duration=&#8221;&#8221; delay_offset=&#8221;&#8221; width=&#8221;1/3&#8243;]<div  class="dima-iconbox no-box text-center" data-animate=transition.slideUpIn style=""><header  class="icon-box-header  box-none"  ><div class="image-cropper thumb  medium   " ><img loading="lazy" decoding="async" class="background-image" src="https://www.thecloseconcept.com/wp-content/uploads/2018/02/home_icon_1-2.png" width="64" height="53" alt=""></div></header><div  class="features-content"  ><h5 class="features-title" ></h5><span class="dima-divider line-center line-hr small-line"></span>
<p style="text-align: center;"><strong>Emoció eficaç</strong> per impulsar una<br />
comunicació que destaqui<br />
i transmeti el missatge adequat.</p>
</div></div>[/vc_column][vc_column bg_type=&#8221;&#8221; dima_canvas_style=&#8221;&#8221; min_height=&#8221;&#8221; translate_x=&#8221;0&#8243; dima_z_index=&#8221;0&#8243; delay=&#8221;&#8221; delay_duration=&#8221;&#8221; delay_offset=&#8221;&#8221; width=&#8221;1/3&#8243;]<div  class="dima-iconbox quienes_icon_center no-box text-center" data-animate=transition.slideUpIn data-delay=1500 style=""><header  class="icon-box-header  box-none"  ><div class="image-cropper thumb  medium   " ><img loading="lazy" decoding="async" class="background-image" src="https://www.thecloseconcept.com/wp-content/uploads/2018/02/icon_quienes_chat.png" width="64" height="53" alt=""></div></header><div  class="features-content"  ><h5 class="features-title" ></h5><span class="dima-divider line-center line-hr small-line"></span>
<p style="text-align: center;"><strong>La nostra matèria primera és la informació </strong>però també els valors de cada empresa o marca.</p>
</div></div>[/vc_column][vc_column bg_type=&#8221;&#8221; dima_canvas_style=&#8221;&#8221; min_height=&#8221;&#8221; translate_x=&#8221;0&#8243; dima_z_index=&#8221;0&#8243; delay=&#8221;&#8221; delay_duration=&#8221;&#8221; delay_offset=&#8221;&#8221; width=&#8221;1/3&#8243;]<div  class="dima-iconbox no-box text-center" data-animate=transition.slideUpIn data-delay=2000 style=""><header  class="icon-box-header  box-none"  ><div class="image-cropper thumb  medium   " ><img loading="lazy" decoding="async" class="background-image" src="https://www.thecloseconcept.com/wp-content/uploads/2018/04/icone-quienes-somos_4.jpg" width="64" height="53" alt=""></div></header><div  class="features-content"  ><h5 class="features-title" ></h5><span class="dima-divider line-center line-hr small-line"></span>
<p style="text-align: center;">Els nostres clients saben molt bé<br />
<strong>què podem fer</strong> per ells, però<br />
sobretot la importància que li<br />
donem<strong> a com ho fem.</strong></p>
</div></div>[/vc_column][/vc_row][vc_row section_content=&#8221;inside_container&#8221; bg_type=&#8221;&#8221; dima_canvas_style=&#8221;&#8221; top_shape_color=&#8221;#ffffff&#8221; bottom_shape_color=&#8221;#ffffff&#8221; bottom_shape_bg_color=&#8221;#5aa5d6&#8243; translate_x=&#8221;0&#8243; dima_z_index=&#8221;0&#8243; animate_item=&#8221;&#8221; delay_duration=&#8221;&#8221; delay_offset=&#8221;&#8221; id=&#8221;&#8221; class=&#8221;row_blau&#8221; border_color=&#8221;&#8221;][vc_column bg_type=&#8221;&#8221; dima_canvas_style=&#8221;&#8221; min_height=&#8221;&#8221; translate_x=&#8221;0&#8243; dima_z_index=&#8221;0&#8243; delay=&#8221;&#8221; delay_duration=&#8221;&#8221; delay_offset=&#8221;&#8221; width=&#8221;1/1&#8243; id=&#8221;&#8221; class=&#8221;quienes_foto&#8221; style=&#8221;&#8221; border_color=&#8221;&#8221;]<div id="foto_laura" class="dima-img column-item overflow-hidden"       ><img loading="lazy" decoding="async" class="dima_image-img dima-image " src="https://www.thecloseconcept.com/wp-content/uploads/2017/08/Foto-Laura-380x275.jpg" width="380" height="275" alt="alt=&quot;&quot;" title="Foto Laura" /></div>
	<div class="wpb_content_element txt_texto_laura" >
		<div class="wpb_wrapper">
			<p><span class="playfont">LAURA PUJOL</span></p>
<p><strong>close communication</strong> està integrada per un equip flexible i multidisciplinari que lidera Laura Pujol experta en idiomes, comunicació i màrqueting.</p>
<p>El seu ampli currículum, les desenes de projectes, el contacte constant amb els mitjans, els professionals de la informació i els creatius són els ingredients principals del seu know-how aplicat al disseny global d&#8217;estratègies de comunicació. Coneixedora del món de la publicitat, les relacions públiques, també és especialista en viatges corporatius i organització esdeveniments internacional</p>
<p>Creu en el tracte de <strong>proximitat,</strong> en la <strong>transparència </strong> donar-li a les coses un <strong>toc personal</strong>.</p>
<div class="social-media fill-icon dima_add_hover social-medium circle-social float-start">
<ul>
<li><a href="http://www.linkedin.com/in/laurapujolterradellas"><br />
<i class="fa fa-linkedin"></i></a></li>
<li><a href="https://www.thecloseconcept.com//laura-friends/"><br />
<i class="fa fa-rss"></i></a></li>
</ul>
</div>

		</div> 
	</div> [/vc_column][/vc_row][vc_row disable_element=&#8221;yes&#8221; bg_type=&#8221;&#8221; dima_canvas_style=&#8221;&#8221; translate_x=&#8221;0&#8243; dima_z_index=&#8221;0&#8243; animate_item=&#8221;&#8221; delay_duration=&#8221;&#8221; delay_offset=&#8221;&#8221; id=&#8221;&#8221; class=&#8221;&#8221; border_color=&#8221;&#8221;][vc_column bg_type=&#8221;&#8221; dima_canvas_style=&#8221;&#8221; min_height=&#8221;&#8221; translate_x=&#8221;0&#8243; dima_z_index=&#8221;0&#8243; delay=&#8221;&#8221; delay_duration=&#8221;&#8221; delay_offset=&#8221;&#8221; width=&#8221;1/1&#8243;]
	<div class="wpb_content_element " >
		<div class="wpb_wrapper">
			<p>Su amplio currículum, las decenas de proyectos, el contacto constante con los medios, los profesionales de la información y los creativos son los ingredientes principales de su know-how aplicado al diseño global de estrategias de comunicación. Conocedora del mundo de la publicidad, las relaciones públicas, también es especialista en viajes corporativos y organización eventos internacionales.</p>
<p>Cree en el trato de <strong>cercanía</strong>, en la <strong>transparencia </strong>y en darle a las cosas un <strong>toque personal</strong>.</p>

		</div> 
	</div> [/vc_column][/vc_row]</p>
